{"id":953,"date":"2026-02-24T19:03:09","date_gmt":"2026-02-24T19:03:09","guid":{"rendered":"https:\/\/endolog.com.br\/?page_id=953"},"modified":"2026-04-08T11:40:14","modified_gmt":"2026-04-08T11:40:14","slug":"privacidade-e-seguranca","status":"publish","type":"page","link":"https:\/\/endolog.com.br\/index.php\/privacidade-e-seguranca\/","title":{"rendered":"Privacidade e Seguran\u00e7a"},"content":{"rendered":"\t\t<div data-elementor-type=\"wp-page\" data-elementor-id=\"953\" class=\"elementor elementor-953\" data-elementor-settings=\"{&quot;ha_cmc_init_switcher&quot;:&quot;no&quot;}\">\n\t\t\t\t<div class=\"elementor-element elementor-element-2ed293e e-flex e-con-boxed e-con e-parent\" data-id=\"2ed293e\" data-element_type=\"container\" data-e-type=\"container\" data-settings=\"{&quot;_ha_eqh_enable&quot;:false}\">\n\t\t\t\t\t<div class=\"e-con-inner\">\n\t\t\t\t<div class=\"elementor-element elementor-element-8c8c42e elementor-widget elementor-widget-text-editor\" data-id=\"8c8c42e\" data-element_type=\"widget\" data-e-type=\"widget\" data-widget_type=\"text-editor.default\">\n\t\t\t\t\t\t\t\t\t<p>A\u00a0<strong>Endolog<\/strong>\u00a0est\u00e1 comprometida em seguir as melhores pr\u00e1ticas internacionais de privacidade e prote\u00e7\u00e3o de dados, para tanto promove e incentiva o atendimento integral dos direitos, princ\u00edpio e fundamentos previstos na Lei Geral de Prote\u00e7\u00e3o de Dados, de forma que adotamos todas as medidas necess\u00e1rias para observar:<\/p><ol><li>o respeito \u00e0 privacidade;<\/li><li>a autodetermina\u00e7\u00e3o informativa;<\/li><li>a liberdade de express\u00e3o, de informa\u00e7\u00e3o, de comunica\u00e7\u00e3o e de opini\u00e3o;<\/li><li>a inviolabilidade da intimidade, da honra e da imagem;<\/li><li>o desenvolvimento econ\u00f4mico, tecnol\u00f3gico e a inova\u00e7\u00e3o;<\/li><li>a livre iniciativa, a livre concorr\u00eancia e a defesa do consumidor;<\/li><li>os direitos humanos, o livre desenvolvimento da personalidade, a dignidade e o exerc\u00edcio da cidadania pelas pessoas naturais.<\/li><\/ol><p>Ainda, toda a opera\u00e7\u00e3o da empresa que necessite o tratamento de dados pessoais \u00e9 realizada observando a boa-f\u00e9 e atendendo os princ\u00edpios previstos na Lei Geral de Prote\u00e7\u00e3o de Dados, quais sejam:<\/p><p>I \u2013 finalidade<\/p><p>II \u2013 adequa\u00e7\u00e3o<\/p><p>III \u2013 necessidade<\/p><p>IV \u2013 livre acesso<\/p><p>V \u2013 qualidade dos dados<\/p><p>VI \u2013 transpar\u00eancia<\/p><p>VII \u2013 seguran\u00e7a<\/p><p>VIII \u2013 preven\u00e7\u00e3o<\/p><p>IX \u2013 n\u00e3o discrimina\u00e7\u00e3o<\/p><p>X \u2013 responsabiliza\u00e7\u00e3o e presta\u00e7\u00e3o de contas<\/p><p>Al\u00e9m desses princ\u00edpios a\u00a0<strong>Endolog<\/strong>\u00a0adota ferramentas eficazes para garantir a seguran\u00e7a dos dados e informa\u00e7\u00f5es que est\u00e3o em nosso poder.<\/p><p>Caso queira saber mais sobre a nossa pol\u00edtica de privacidade e prote\u00e7\u00e3o de dados\u00a0<a href=\"https:\/\/endolog.com.br\/wp-content\/uploads\/2026\/02\/privacidade_e_seguranca.pdf\" target=\"_blank\" rel=\"noopener\"><strong><u>acesse aqui<\/u><\/strong>.<\/a><\/p><p>Caso queira saber mais sobre o uso de cookies no nosso site e a nossa pol\u00edtica de cookies,\u00a0<a href=\"https:\/\/endolog.com.br\/wp-content\/uploads\/2026\/02\/cookies.pdfv\" target=\"_blank\" rel=\"noopener\"><strong><u>acesse aqui<\/u><\/strong><\/a>.<\/p><p align=\"center\">Caso voc\u00ea seja um titular de dados e queira entrar em contato conosco, poder\u00e1 utilizar o formul\u00e1rio abaixo. Ao informar os seus dados neste formul\u00e1rio esteja ciente de que seus dados ser\u00e3o utilizados t\u00e3o somente para atendimento da sua solicita\u00e7\u00e3o e para respond\u00ea-lo da melhor forma poss\u00edvel.<\/p><p align=\"center\">Caso queira saber mais sobre nosso C\u00f3digo de \u00c9tica e de Conduta,\u00a0<strong><a href=\"https:\/\/endolog.com.br\/wp-content\/uploads\/2026\/02\/etica_e_conduta.pdf\" target=\"_blank\" rel=\"noopener\">acesse aqui<\/a><\/strong>.<\/p>\t\t\t\t\t\t\t\t<\/div>\n\t\t\t\t\t<\/div>\n\t\t\t\t<\/div>\n\t\t<div class=\"elementor-element elementor-element-18ec22c e-flex e-con-boxed e-con e-parent\" data-id=\"18ec22c\" data-element_type=\"container\" data-e-type=\"container\" data-settings=\"{&quot;_ha_eqh_enable&quot;:false}\">\n\t\t\t\t\t<div class=\"e-con-inner\">\n\t\t\t\t<div class=\"elementor-element elementor-element-9562e41 elementor-widget elementor-widget-shortcode\" data-id=\"9562e41\" data-element_type=\"widget\" data-e-type=\"widget\" data-widget_type=\"shortcode.default\">\n\t\t\t\t\t\t\t<div class=\"elementor-shortcode\"><div class=\"frm_forms  with_frm_style frm_style_estilo-formidable\" id=\"frm_form_2_container\" data-token=\"8a511b27701cd51557eed20b3daa4b82\">\n<form enctype=\"multipart\/form-data\" method=\"post\" class=\"frm-show-form \" id=\"form_formulario-pag-privacidade-e-seguranca\" data-token=\"8a511b27701cd51557eed20b3daa4b82\">\n<div class=\"frm_form_fields \">\n<fieldset>\n<legend class=\"frm_screen_reader\"><\/legend>\r\n\r\n<div class=\"frm_fields_container\">\n<input type=\"hidden\" name=\"frm_action\" value=\"create\" \/>\n<input type=\"hidden\" name=\"form_id\" value=\"2\" \/>\n<input type=\"hidden\" name=\"frm_hide_fields_2\" id=\"frm_hide_fields_2\" value=\"\" \/>\n<input type=\"hidden\" name=\"form_key\" value=\"formulario-pag-privacidade-e-seguranca\" \/>\n<input type=\"hidden\" name=\"item_meta[0]\" value=\"\" \/>\n<input type=\"hidden\" id=\"frm_submit_entry_2\" name=\"frm_submit_entry_2\" value=\"fa9b9dd360\" \/><input type=\"hidden\" name=\"_wp_http_referer\" value=\"\/index.php\/wp-json\/wp\/v2\/pages\/953\" \/><div id=\"frm_field_7_container\" class=\"frm_form_field form-field  frm_required_field frm_top_container\">\r\n\t<div  id=\"field_h3jbf_label\" class=\"frm_primary_label\">Nome \r\n\t\t<span class=\"frm_required\" aria-hidden=\"true\">*<\/span>\r\n\t<\/div>\r\n\t<fieldset aria-labelledby=\"field_h3jbf_label\">\n\t<legend class=\"frm_screen_reader frm_hidden\">\n\t\tNome \t<\/legend>\n\n\t<div  class=\"frm_combo_inputs_container\" id=\"frm_combo_inputs_container_7\" data-name-layout=\"first_last\">\n\t\t\t\t\t<div\n\t\t\t\tid=\"frm_field_7-first_container\"\n\t\t\t\tclass=\"frm_form_field form-field frm_form_subfield-first  frm6\"\n\t\t\t\tdata-sub-field-name=\"first\"\n\t\t\t>\n\t\t\t\t<label for=\"field_h3jbf_first\" class=\"frm_screen_reader frm_hidden\">\n\t\t\t\t\tNome Completo\t\t\t\t<\/label>\n\n\t\t\t\t<input  type=\"text\" id=\"field_h3jbf_first\" value=\"\" name=\"item_meta[7][first]\" autocomplete=\"given-name\" data-reqmsg=\"O Nome  n\u00e3o pode ficar em branco.\" aria-required=\"true\" data-invmsg=\"Nome  \u00e9 inv\u00e1lido\" aria-invalid=\"false\"  \/><div class=\"frm_description\" id=\"frm_field_7_first_desc\">Nome Completo<\/div>\t\t\t<\/div>\n\t\t\t\t\t\t<div\n\t\t\t\tid=\"frm_field_7-last_container\"\n\t\t\t\tclass=\"frm_form_field form-field frm_form_subfield-last  frm6\"\n\t\t\t\tdata-sub-field-name=\"last\"\n\t\t\t>\n\t\t\t\t<label for=\"field_h3jbf_last\" class=\"frm_screen_reader frm_hidden\">\n\t\t\t\t\tNome \t\t\t\t<\/label>\n\n\t\t\t\t<input  type=\"text\" id=\"field_h3jbf_last\" value=\"\" name=\"item_meta[7][last]\" autocomplete=\"family-name\" data-reqmsg=\"O Nome  n\u00e3o pode ficar em branco.\" aria-required=\"true\" data-invmsg=\"Nome  \u00e9 inv\u00e1lido\" aria-invalid=\"false\"  \/>\t\t\t<\/div>\n\t\t\t\t<\/div>\n<\/fieldset>\n\r\n\t\r\n\t\r\n<\/div>\n<div id=\"frm_field_8_container\" class=\"frm_form_field form-field  frm_required_field frm_top_container frm6 frm_first\">\r\n\t<label for=\"field_ia48y\" id=\"field_ia48y_label\" class=\"frm_primary_label\">E-mail\r\n\t\t<span class=\"frm_required\" aria-hidden=\"true\">*<\/span>\r\n\t<\/label>\r\n\t<input type=\"email\" id=\"field_ia48y\" name=\"item_meta[8]\" value=\"\"  data-reqmsg=\"O E-mail n\u00e3o pode ficar em branco.\" aria-required=\"true\" data-invmsg=\"E-mail \u00e9 inv\u00e1lido\" aria-invalid=\"false\"  \/>\r\n\t\r\n\t\r\n<\/div>\n<div id=\"frm_field_9_container\" class=\"frm_form_field form-field  frm_required_field frm_top_container frm6\">\r\n\t<label for=\"field_faa0r\" id=\"field_faa0r_label\" class=\"frm_primary_label\">Telefone\r\n\t\t<span class=\"frm_required\" aria-hidden=\"true\">*<\/span>\r\n\t<\/label>\r\n\t<input type=\"tel\" id=\"field_faa0r\" name=\"item_meta[9]\" value=\"\"  data-reqmsg=\"O Telefone n\u00e3o pode ficar em branco.\" aria-required=\"true\" data-invmsg=\"Telefone \u00e9 inv\u00e1lido\" aria-invalid=\"false\" pattern=\"((\\+\\d{1,3}(-|.| )?\\(?\\d\\)?(-| |.)?\\d{1,5})|(\\(?\\d{2,6}\\)?))(-|.| )?(\\d{3,4})(-|.| )?(\\d{4})(( x| ext)\\d{1,5}){0,1}$\"  \/>\r\n\t\r\n\t\r\n<\/div>\n<div id=\"frm_field_10_container\" class=\"frm_form_field form-field  frm_required_field frm_top_container\">\r\n\t<label for=\"field_cjx60\" id=\"field_cjx60_label\" class=\"frm_primary_label\">Selecione um tipo de Requisi\u00e7\u00e3o\r\n\t\t<span class=\"frm_required\" aria-hidden=\"true\">*<\/span>\r\n\t<\/label>\r\n\t\t\t<select name=\"item_meta[10]\" id=\"field_cjx60\"  data-reqmsg=\"O Selecione um tipo de Requisi\u00e7\u00e3o n\u00e3o pode ficar em branco.\" aria-required=\"true\" data-invmsg=\"Selecione um tipo de Requisi\u00e7\u00e3o \u00e9 inv\u00e1lido\" aria-invalid=\"false\"  >\n\t\t<option  value=\"Confirma\u00e7\u00e3o da exist\u00eancia de tratamento\">Confirma\u00e7\u00e3o da exist\u00eancia de tratamento<\/option><option  value=\"Acesso a seus dados pessoais\">Acesso a seus dados pessoais<\/option><option  value=\"Corre\u00e7\u00e3o de dados incompletos, inexatos ou desatualizados\">Corre\u00e7\u00e3o de dados incompletos, inexatos ou desatualizados<\/option><option  value=\"Elimina\u00e7\u00e3o de dados pessoais (Direito ao esquecimento)\">Elimina\u00e7\u00e3o de dados pessoais (Direito ao esquecimento)<\/option><option  value=\"Portabilidade de dados\">Portabilidade de dados<\/option>\t<\/select>\n\t\r\n\t\r\n\t\r\n<\/div>\n<div id=\"frm_field_11_container\" class=\"frm_form_field form-field  frm_required_field frm_top_container\">\r\n\t<label for=\"field_tnlz2\" id=\"field_tnlz2_label\" class=\"frm_primary_label\">Solicita\u00e7\u00e3o\r\n\t\t<span class=\"frm_required\" aria-hidden=\"true\">*<\/span>\r\n\t<\/label>\r\n\t<input type=\"text\" id=\"field_tnlz2\" name=\"item_meta[11]\" value=\"\"  data-reqmsg=\"O Solicita\u00e7\u00e3o n\u00e3o pode ficar em branco.\" aria-required=\"true\" data-invmsg=\"Solicita\u00e7\u00e3o \u00e9 inv\u00e1lido\" aria-invalid=\"false\"  \/>\r\n\t\r\n\t\r\n<\/div>\n<div id=\"frm_field_6_container\" class=\"frm_form_field form-field \">\r\n\t<div class=\"frm_submit frm_flex\">\r\n<button class=\"frm_button_submit\" type=\"submit\"  >Enviar<\/button>\r\n\r\n\r\n\r\n<\/div>\r\n<\/div>\n\t<input type=\"hidden\" name=\"item_key\" value=\"\" \/>\n\t\t\t<div id=\"frm_field_12_container\">\n\t\t\t<label for=\"field_wiz91\" >\n\t\t\t\tSe voc\u00ea \u00e9 humano, deixe este campo em branco.\t\t\t<\/label>\n\t\t\t<input  id=\"field_wiz91\" type=\"text\" class=\"frm_form_field form-field frm_verify\" name=\"item_meta[12]\" value=\"\"  \/>\n\t\t<\/div>\n\t\t<input name=\"frm_state\" type=\"hidden\" value=\"9GCi9qYkoEPjuLOApjUVY22mG7JmH3z27HpxADGKeHo=\" \/><\/div>\n<\/fieldset>\n<\/div>\n\n<\/form>\n<\/div>\n<\/div>\n\t\t\t\t\t\t<\/div>\n\t\t\t\t\t<\/div>\n\t\t\t\t<\/div>\n\t\t<div class=\"elementor-element elementor-element-85d6a69 e-flex e-con-boxed e-con e-parent\" data-id=\"85d6a69\" data-element_type=\"container\" data-e-type=\"container\" data-settings=\"{&quot;_ha_eqh_enable&quot;:false}\">\n\t\t\t\t\t<div class=\"e-con-inner\">\n\t\t\t\t<div class=\"elementor-element elementor-element-ed6302d elementor-widget elementor-widget-image\" data-id=\"ed6302d\" data-element_type=\"widget\" data-e-type=\"widget\" data-widget_type=\"image.default\">\n\t\t\t\t\t\t\t\t\t\t\t\t\t\t\t<img fetchpriority=\"high\" decoding=\"async\" width=\"900\" height=\"500\" src=\"https:\/\/endolog.com.br\/wp-content\/uploads\/2026\/02\/pg-politica-de-privacidade-endolog-3.png\" class=\"attachment-full size-full wp-image-974\" alt=\"\" srcset=\"https:\/\/endolog.com.br\/wp-content\/uploads\/2026\/02\/pg-politica-de-privacidade-endolog-3.png 900w, https:\/\/endolog.com.br\/wp-content\/uploads\/2026\/02\/pg-politica-de-privacidade-endolog-3-300x167.png 300w, https:\/\/endolog.com.br\/wp-content\/uploads\/2026\/02\/pg-politica-de-privacidade-endolog-3-768x427.png 768w\" sizes=\"(max-width: 900px) 100vw, 900px\" \/>\t\t\t\t\t\t\t\t\t\t\t\t\t\t\t<\/div>\n\t\t\t\t\t<\/div>\n\t\t\t\t<\/div>\n\t\t\t\t<\/div>\n\t\t","protected":false},"excerpt":{"rendered":"<p>A\u00a0Endolog\u00a0est\u00e1 comprometida em seguir as melhores pr\u00e1ticas internacionais de privacidade e prote\u00e7\u00e3o de dados, para tanto promove e incentiva o [&hellip;]<\/p>\n","protected":false},"author":1,"featured_media":0,"parent":0,"menu_order":0,"comment_status":"closed","ping_status":"closed","template":"","meta":{"postBodyCss":"","postBodyMargin":[],"postBodyPadding":[],"postBodyBackground":{"backgroundType":"classic","gradient":""},"site-sidebar-layout":"no-sidebar","site-content-layout":"","ast-site-content-layout":"full-width-container","site-content-style":"default","site-sidebar-style":"default","ast-global-header-display":"","ast-banner-title-visibility":"","ast-main-header-display":"","ast-hfb-above-header-display":"","ast-hfb-below-header-display":"","ast-hfb-mobile-header-display":"","site-post-title":"","ast-breadcrumbs-content":"","ast-featured-img":"disabled","footer-sml-layout":"","ast-disable-related-posts":"","theme-transparent-header-meta":"","adv-header-id-meta":"","stick-header-meta":"","header-above-stick-meta":"","header-main-stick-meta":"","header-below-stick-meta":"","astra-migrate-meta-layouts":"default","ast-page-background-enabled":"default","ast-page-background-meta":{"desktop":{"background-color":"var(--ast-global-color-5)","background-image":"","background-repeat":"repeat","background-position":"center center","background-size":"auto","background-attachment":"scroll","background-type":"","background-media":"","overlay-type":"","overlay-color":"","overlay-opacity":"","overlay-gradient":""},"tablet":{"background-color":"","background-image":"","background-repeat":"repeat","background-position":"center center","background-size":"auto","background-attachment":"scroll","background-type":"","background-media":"","overlay-type":"","overlay-color":"","overlay-opacity":"","overlay-gradient":""},"mobile":{"background-color":"","background-image":"","background-repeat":"repeat","background-position":"center center","background-size":"auto","background-attachment":"scroll","background-type":"","background-media":"","overlay-type":"","overlay-color":"","overlay-opacity":"","overlay-gradient":""}},"ast-content-background-meta":{"desktop":{"background-color":"var(--ast-global-color-4)","background-image":"","background-repeat":"repeat","background-position":"center center","background-size":"auto","background-attachment":"scroll","background-type":"","background-media":"","overlay-type":"","overlay-color":"","overlay-opacity":"","overlay-gradient":""},"tablet":{"background-color":"var(--ast-global-color-4)","background-image":"","background-repeat":"repeat","background-position":"center center","background-size":"auto","background-attachment":"scroll","background-type":"","background-media":"","overlay-type":"","overlay-color":"","overlay-opacity":"","overlay-gradient":""},"mobile":{"background-color":"var(--ast-global-color-4)","background-image":"","background-repeat":"repeat","background-position":"center center","background-size":"auto","background-attachment":"scroll","background-type":"","background-media":"","overlay-type":"","overlay-color":"","overlay-opacity":"","overlay-gradient":""}},"footnotes":""},"class_list":["post-953","page","type-page","status-publish","hentry"],"_links":{"self":[{"href":"https:\/\/endolog.com.br\/index.php\/wp-json\/wp\/v2\/pages\/953","targetHints":{"allow":["GET"]}}],"collection":[{"href":"https:\/\/endolog.com.br\/index.php\/wp-json\/wp\/v2\/pages"}],"about":[{"href":"https:\/\/endolog.com.br\/index.php\/wp-json\/wp\/v2\/types\/page"}],"author":[{"embeddable":true,"href":"https:\/\/endolog.com.br\/index.php\/wp-json\/wp\/v2\/users\/1"}],"replies":[{"embeddable":true,"href":"https:\/\/endolog.com.br\/index.php\/wp-json\/wp\/v2\/comments?post=953"}],"version-history":[{"count":10,"href":"https:\/\/endolog.com.br\/index.php\/wp-json\/wp\/v2\/pages\/953\/revisions"}],"predecessor-version":[{"id":977,"href":"https:\/\/endolog.com.br\/index.php\/wp-json\/wp\/v2\/pages\/953\/revisions\/977"}],"wp:attachment":[{"href":"https:\/\/endolog.com.br\/index.php\/wp-json\/wp\/v2\/media?parent=953"}],"curies":[{"name":"wp","href":"https:\/\/api.w.org\/{rel}","templated":true}]}}