{"id":978,"date":"2026-02-24T19:44:25","date_gmt":"2026-02-24T19:44:25","guid":{"rendered":"https:\/\/endolog.com.br\/?page_id=978"},"modified":"2026-03-02T13:41:59","modified_gmt":"2026-03-02T13:41:59","slug":"privacidade-e-seguranca-endolog-motorista","status":"publish","type":"page","link":"https:\/\/endolog.com.br\/index.php\/privacidade-e-seguranca-endolog-motorista\/","title":{"rendered":"Privacidade e Seguran\u00e7a &#8211; Endolog Motorista"},"content":{"rendered":"\t\t<div data-elementor-type=\"wp-page\" data-elementor-id=\"978\" class=\"elementor elementor-978\" data-elementor-settings=\"{&quot;ha_cmc_init_switcher&quot;:&quot;no&quot;}\">\n\t\t\t\t<div class=\"elementor-element elementor-element-9bd38bd e-flex e-con-boxed e-con e-parent\" data-id=\"9bd38bd\" data-element_type=\"container\" data-e-type=\"container\" data-settings=\"{&quot;_ha_eqh_enable&quot;:false}\">\n\t\t\t\t\t<div class=\"e-con-inner\">\n\t\t\t\t<div class=\"elementor-element elementor-element-d18ed66 elementor-widget elementor-widget-text-editor\" data-id=\"d18ed66\" data-element_type=\"widget\" data-e-type=\"widget\" data-widget_type=\"text-editor.default\">\n\t\t\t\t\t\t\t\t\t<p>O aplicativo\u00a0<strong>Endolog Motorista<\/strong>\u00a0est\u00e1 comprometida em seguir as melhores pr\u00e1ticas internacionais de privacidade e prote\u00e7\u00e3o de dados, para tanto promove e incentiva o atendimento integral dos direitos, princ\u00edpio e fundamentos previstos na Lei Geral de Prote\u00e7\u00e3o de Dados, de forma que adotamos todas as medidas necess\u00e1rias para observar:<\/p><ol><li>o respeito \u00e0 privacidade;<\/li><li>a autodetermina\u00e7\u00e3o informativa;<\/li><li>a liberdade de express\u00e3o, de informa\u00e7\u00e3o, de comunica\u00e7\u00e3o e de opini\u00e3o;<\/li><li>a inviolabilidade da intimidade, da honra e da imagem;<\/li><li>o desenvolvimento econ\u00f4mico, tecnol\u00f3gico e a inova\u00e7\u00e3o;<\/li><li>a livre iniciativa, a livre concorr\u00eancia e a defesa do consumidor;<\/li><li>os direitos humanos, o livre desenvolvimento da personalidade, a dignidade e o exerc\u00edcio da cidadania pelas pessoas naturais.<\/li><\/ol><p>Ainda, toda a opera\u00e7\u00e3o da empresa que necessite o tratamento de dados pessoais \u00e9 realizada observando a boa-f\u00e9 e atendendo os princ\u00edpios previstos na Lei Geral de Prote\u00e7\u00e3o de Dados, quais sejam:<\/p><p>I \u2013 finalidade<\/p><p>II \u2013 adequa\u00e7\u00e3o<\/p><p>III \u2013 necessidade<\/p><p>IV \u2013 livre acesso<\/p><p>V \u2013 qualidade dos dados<\/p><p>VI \u2013 transpar\u00eancia<\/p><p>VII \u2013 seguran\u00e7a<\/p><p>VIII \u2013 preven\u00e7\u00e3o<\/p><p>IX \u2013 n\u00e3o discrimina\u00e7\u00e3o<\/p><p>X \u2013 responsabiliza\u00e7\u00e3o e presta\u00e7\u00e3o de contas<\/p><p>Al\u00e9m desses princ\u00edpios a\u00a0<strong>Endolog<\/strong>\u00a0adota ferramentas eficazes para garantir a seguran\u00e7a dos dados e informa\u00e7\u00f5es que est\u00e3o em nosso poder.<\/p><p>Caso queira saber mais sobre a nossa pol\u00edtica de privacidade e prote\u00e7\u00e3o de dados\u00a0<a href=\"https:\/\/endolog.com.br\/wp-content\/uploads\/2026\/02\/Politica-de-Privacidade-e-Protecao-de-Dados-Endolog__Motorista.pdf\" target=\"_blank\" rel=\"noopener\"><strong><u>acesse aqui<\/u><\/strong><\/a>.<\/p><p>Caso queira saber mais sobre o uso de cookies no nosso site e a nossa pol\u00edtica de cookies,\u00a0<a href=\"https:\/\/endolog.com.br\/wp-content\/uploads\/2026\/02\/cookies__motorista.pdf\" target=\"_blank\" rel=\"noopener\"><strong><u>acesse aqui<\/u><\/strong><\/a>.<\/p><p align=\"center\">Caso voc\u00ea seja um titular de dados e queira entrar em contato conosco, poder\u00e1 utilizar o formul\u00e1rio abaixo. Ao informar os seus dados neste formul\u00e1rio esteja ciente de que seus dados ser\u00e3o utilizados t\u00e3o somente para atendimento da sua solicita\u00e7\u00e3o e para respond\u00ea-lo da melhor forma poss\u00edvel.<\/p><p align=\"center\">Caso queira saber mais sobre nosso C\u00f3digo de \u00c9tica e de Conduta,\u00a0<strong><a href=\"https:\/\/endolog.com.br\/wp-content\/uploads\/2026\/02\/eticaeconduta__motorista.pdf\" target=\"_blank\" rel=\"noopener\">acesse aqui<\/a><\/strong>.<\/p>\t\t\t\t\t\t\t\t<\/div>\n\t\t\t\t\t<\/div>\n\t\t\t\t<\/div>\n\t\t<div class=\"elementor-element elementor-element-7184466 e-flex e-con-boxed e-con e-parent\" data-id=\"7184466\" data-element_type=\"container\" data-e-type=\"container\" data-settings=\"{&quot;_ha_eqh_enable&quot;:false}\">\n\t\t\t\t\t<div class=\"e-con-inner\">\n\t\t\t\t<div class=\"elementor-element elementor-element-3a4fa58 elementor-widget elementor-widget-shortcode\" data-id=\"3a4fa58\" data-element_type=\"widget\" data-e-type=\"widget\" data-widget_type=\"shortcode.default\">\n\t\t\t\t\t\t\t<div class=\"elementor-shortcode\">\n<div class=\"wpcf7 no-js\" id=\"wpcf7-f987-o1\" lang=\"pt-BR\" dir=\"ltr\" data-wpcf7-id=\"987\">\n<div class=\"screen-reader-response\"><p role=\"status\" aria-live=\"polite\" aria-atomic=\"true\"><\/p> <ul><\/ul><\/div>\n<form action=\"\/index.php\/wp-json\/wp\/v2\/pages\/978#wpcf7-f987-o1\" method=\"post\" class=\"wpcf7-form init\" aria-label=\"Formul\u00e1rios de contato\" novalidate=\"novalidate\" data-status=\"init\">\n<fieldset class=\"hidden-fields-container\"><input type=\"hidden\" name=\"_wpcf7\" value=\"987\" \/><input type=\"hidden\" name=\"_wpcf7_version\" value=\"6.1.5\" \/><input type=\"hidden\" name=\"_wpcf7_locale\" value=\"pt_BR\" \/><input type=\"hidden\" name=\"_wpcf7_unit_tag\" value=\"wpcf7-f987-o1\" \/><input type=\"hidden\" name=\"_wpcf7_container_post\" value=\"0\" \/><input type=\"hidden\" name=\"_wpcf7_posted_data_hash\" value=\"\" \/>\n<\/fieldset>\n<label> Seu nome\n    <span class=\"wpcf7-form-control-wrap\" data-name=\"your-name\"><input size=\"40\" maxlength=\"400\" class=\"wpcf7-form-control wpcf7-text wpcf7-validates-as-required\" autocomplete=\"name\" aria-required=\"true\" aria-invalid=\"false\" value=\"\" type=\"text\" name=\"your-name\" \/><\/span> <\/label>\n\n<label> Telefone \/ Whatsapp\n<span class=\"wpcf7-form-control-wrap\" data-name=\"telefone\"><input size=\"40\" maxlength=\"400\" class=\"wpcf7-form-control wpcf7-tel wpcf7-validates-as-required wpcf7-text wpcf7-validates-as-tel\" aria-required=\"true\" aria-invalid=\"false\" placeholder=\"(xx) x xxxx-xxxx\" value=\"\" type=\"tel\" name=\"telefone\" \/><\/span> <\/label>\n\n<label> Seu e-mail\n    <span class=\"wpcf7-form-control-wrap\" data-name=\"your-email\"><input size=\"40\" maxlength=\"400\" class=\"wpcf7-form-control wpcf7-email wpcf7-validates-as-required wpcf7-text wpcf7-validates-as-email\" autocomplete=\"email\" aria-required=\"true\" aria-invalid=\"false\" value=\"\" type=\"email\" name=\"your-email\" \/><\/span> <\/label>\n\n<label> Sua mensagem (opcional)\n    <span class=\"wpcf7-form-control-wrap\" data-name=\"your-message\"><textarea cols=\"40\" rows=\"10\" maxlength=\"2000\" class=\"wpcf7-form-control wpcf7-textarea\" aria-invalid=\"false\" name=\"your-message\"><\/textarea><\/span> <\/label>\n\n<input class=\"wpcf7-form-control wpcf7-submit has-spinner\" type=\"submit\" value=\"Enviar\" \/><div class=\"wpcf7-response-output\" aria-hidden=\"true\"><\/div>\n<\/form>\n<\/div>\n<\/div>\n\t\t\t\t\t\t<\/div>\n\t\t\t\t\t<\/div>\n\t\t\t\t<\/div>\n\t\t<div class=\"elementor-element elementor-element-5289bee e-flex e-con-boxed e-con e-parent\" data-id=\"5289bee\" data-element_type=\"container\" data-e-type=\"container\" data-settings=\"{&quot;_ha_eqh_enable&quot;:false}\">\n\t\t\t\t\t<div class=\"e-con-inner\">\n\t\t\t\t<div class=\"elementor-element elementor-element-10e157b elementor-widget elementor-widget-image\" data-id=\"10e157b\" data-element_type=\"widget\" data-e-type=\"widget\" data-widget_type=\"image.default\">\n\t\t\t\t\t\t\t\t\t\t\t\t\t\t\t<img fetchpriority=\"high\" decoding=\"async\" width=\"900\" height=\"500\" src=\"https:\/\/endolog.com.br\/wp-content\/uploads\/2026\/02\/pg-politica-de-privacidade-endolog-3.png\" class=\"attachment-full size-full wp-image-974\" alt=\"\" srcset=\"https:\/\/endolog.com.br\/wp-content\/uploads\/2026\/02\/pg-politica-de-privacidade-endolog-3.png 900w, https:\/\/endolog.com.br\/wp-content\/uploads\/2026\/02\/pg-politica-de-privacidade-endolog-3-300x167.png 300w, https:\/\/endolog.com.br\/wp-content\/uploads\/2026\/02\/pg-politica-de-privacidade-endolog-3-768x427.png 768w\" sizes=\"(max-width: 900px) 100vw, 900px\" \/>\t\t\t\t\t\t\t\t\t\t\t\t\t\t\t<\/div>\n\t\t\t\t\t<\/div>\n\t\t\t\t<\/div>\n\t\t\t\t<\/div>\n\t\t","protected":false},"excerpt":{"rendered":"<p>O aplicativo\u00a0Endolog Motorista\u00a0est\u00e1 comprometida em seguir as melhores pr\u00e1ticas internacionais de privacidade e prote\u00e7\u00e3o de dados, para tanto promove e [&hellip;]<\/p>\n","protected":false},"author":1,"featured_media":0,"parent":0,"menu_order":0,"comment_status":"closed","ping_status":"closed","template":"","meta":{"postBodyCss":"","postBodyMargin":[],"postBodyPadding":[],"postBodyBackground":{"backgroundType":"classic","gradient":""},"site-sidebar-layout":"no-sidebar","site-content-layout":"","ast-site-content-layout":"full-width-container","site-content-style":"default","site-sidebar-style":"default","ast-global-header-display":"","ast-banner-title-visibility":"","ast-main-header-display":"","ast-hfb-above-header-display":"","ast-hfb-below-header-display":"","ast-hfb-mobile-header-display":"","site-post-title":"","ast-breadcrumbs-content":"","ast-featured-img":"disabled","footer-sml-layout":"","ast-disable-related-posts":"","theme-transparent-header-meta":"","adv-header-id-meta":"","stick-header-meta":"","header-above-stick-meta":"","header-main-stick-meta":"","header-below-stick-meta":"","astra-migrate-meta-layouts":"default","ast-page-background-enabled":"default","ast-page-background-meta":{"desktop":{"background-color":"var(--ast-global-color-5)","background-image":"","background-repeat":"repeat","background-position":"center center","background-size":"auto","background-attachment":"scroll","background-type":"","background-media":"","overlay-type":"","overlay-color":"","overlay-opacity":"","overlay-gradient":""},"tablet":{"background-color":"","background-image":"","background-repeat":"repeat","background-position":"center center","background-size":"auto","background-attachment":"scroll","background-type":"","background-media":"","overlay-type":"","overlay-color":"","overlay-opacity":"","overlay-gradient":""},"mobile":{"background-color":"","background-image":"","background-repeat":"repeat","background-position":"center center","background-size":"auto","background-attachment":"scroll","background-type":"","background-media":"","overlay-type":"","overlay-color":"","overlay-opacity":"","overlay-gradient":""}},"ast-content-background-meta":{"desktop":{"background-color":"var(--ast-global-color-4)","background-image":"","background-repeat":"repeat","background-position":"center center","background-size":"auto","background-attachment":"scroll","background-type":"","background-media":"","overlay-type":"","overlay-color":"","overlay-opacity":"","overlay-gradient":""},"tablet":{"background-color":"var(--ast-global-color-4)","background-image":"","background-repeat":"repeat","background-position":"center center","background-size":"auto","background-attachment":"scroll","background-type":"","background-media":"","overlay-type":"","overlay-color":"","overlay-opacity":"","overlay-gradient":""},"mobile":{"background-color":"var(--ast-global-color-4)","background-image":"","background-repeat":"repeat","background-position":"center center","background-size":"auto","background-attachment":"scroll","background-type":"","background-media":"","overlay-type":"","overlay-color":"","overlay-opacity":"","overlay-gradient":""}},"footnotes":""},"class_list":["post-978","page","type-page","status-publish","hentry"],"_links":{"self":[{"href":"https:\/\/endolog.com.br\/index.php\/wp-json\/wp\/v2\/pages\/978","targetHints":{"allow":["GET"]}}],"collection":[{"href":"https:\/\/endolog.com.br\/index.php\/wp-json\/wp\/v2\/pages"}],"about":[{"href":"https:\/\/endolog.com.br\/index.php\/wp-json\/wp\/v2\/types\/page"}],"author":[{"embeddable":true,"href":"https:\/\/endolog.com.br\/index.php\/wp-json\/wp\/v2\/users\/1"}],"replies":[{"embeddable":true,"href":"https:\/\/endolog.com.br\/index.php\/wp-json\/wp\/v2\/comments?post=978"}],"version-history":[{"count":7,"href":"https:\/\/endolog.com.br\/index.php\/wp-json\/wp\/v2\/pages\/978\/revisions"}],"predecessor-version":[{"id":1058,"href":"https:\/\/endolog.com.br\/index.php\/wp-json\/wp\/v2\/pages\/978\/revisions\/1058"}],"wp:attachment":[{"href":"https:\/\/endolog.com.br\/index.php\/wp-json\/wp\/v2\/media?parent=978"}],"curies":[{"name":"wp","href":"https:\/\/api.w.org\/{rel}","templated":true}]}}